2. Determine f(-3).
23
Let c(t) = t**3 - 3*t**2 + 5. Give c(-2).
-15
Let a(f) = -2*f - 6. What is a(4)?
-14
Let n(b) = -b**2 - 14*b + 318. What is n(-26)?
6
Let q(o) = 65*o - 913. What is q(14)?
-3
Let y(g) = -g**3 + 8*g**2 + 6*g - 12. Give y(8).
36
Let u(a) = -2*a + 8. Give u(4).
0
Let c(v) = v**3 + 22*v**2 + 21*v - 17. Calculate c(-21).
-17
Let l(s) = -s**3 - 8*s**2 - 10. Give l(-8).
-10
Let l(r) = -2*r**3 + 21*r**2 - 13*r - 14. What is l(10)?
-44
Let z(i) = -i**3 + 10*i**2 - 4. Calculate z(10).
-4
Let l(h) = 2*h**2 + 5*h + 3. What is l(-3)?
6
Let i(x) = -x**3 - 4*x**2 + 34*x + 24. Calculate i(-8).
8
Let l(n) = -n**3 + 13*n**2 + 3*n - 49. What is l(13)?
-10
Let c(j) = -2*j**3 - j**2 - j + 2. Determine c(-3).
50
Let v(s) = 6*s**2 + 22*s + 5. Calculate v(-4).
13
Let c(t) = -t**2 + 16*t - 23. Calculate c(13).
16
Let y(l) = -11*l**2 + 2*l + 2. Determine y(2).
-38
Let y(m) = m - 1. What is y(10)?
9
Let z(a) = -a**3 - 3*a**2 + 4*a - 2. Calculate z(2).
-14
Let x(f) = 2*f**2 + 9*f + 47. What is x(-5)?
52
Let m(t) = -2*t**3 - 33*t**2 + 12*t - 82. Calculate m(-17).
3
Let s(n) = n**3 - 7*n**2 + 8*n. Give s(6).
12
Let k(c) = -c**3 - 7*c**2 + 6. What is k(-7)?
6
Let s(m) = -m + 4. What is s(-7)?
11
Let c(y) = 2*y**2 + 16*y + 5. Determine c(-7).
-9
Let f(b) = -b**2 - b + 5. What is f(-4)?
-7
Let n(x) = x**2 - 31*x + 192. What is n(23)?
8
Let p(v) = v**3 + 5*v**2 - 5*v + 7. What is p(-6)?
1
Let y(q) = 111*q + 557. Calculate y(-5).
2
Let q(r) = -r - 9. Calculate q(-11).
2
Let s(v) = v**3 - 6*v**2 + 3*v - 2. Determine s(5).
-12
Let n(z) = z**3 + z**2 - z + 11. Determine n(0).
11
Let z(l) = -5*l + 54. Determine z(0).
54
Let q(u) = 5*u - 21. Determine q(6).
9
Let j(x) = -2*x - 15. Give j(-8).
1
Let l(a) = a**3 - 26*a**2 + 24*a + 31. Give l(25).
6
Let r(v) = v**3 - 10*v**2 - 7*v - 5. Calculate r(11).
39
Let c(w) = -w**3 - 6*w**2 + 2*w - 1. Calculate c(-6).
-13
Let m(o) = o**3 + 13*o**2 + 12*o - 1. Calculate m(-12).
-1
Let v(b) = 16*b - 83. What is v(6)?
13
Let o(g) = 2*g + 15. Determine o(8).
31
Let t(u) = -u**3 - 10*u**2 + 7*u + 4. Determine t(-11).
48
Let f(t) = t**2 - 6*t - 3. What is f(9)?
24
Let f(n) = -n**3 + 16*n**2 + 37*n - 21. Determine f(18).
-3
Let p(s) = s**3 + 3*s**2 - 32*s - 100. Give p(-3).
-4
Let w(b) = -b**2 - 2*b + 13. Determine w(-6).
-11
Let s(a) = -a**3 - 4*a**2 - 4*a - 3. Determine s(-3).
0
Let c(y) = 22*y - 22. Determine c(6).
110
Let v(q) = 5*q - 43. Determine v(6).
-13
Let c(d) = -2*d**2 + d - 2. Determine c(2).
-8
Let r(o) = -o**2 + 2*o + 131. Calculate r(13).
-12
Let n(m) = -3*m**2 + 34*m - 10. Determine n(11).
1
Let u(b) = b**2 - 5*b - 6. Determine u(7).
8
Let g(c) = -c**3 - 3*c**2 + 2*c + 15. What is g(-5)?
55
Let j(r) = -5*r**3 + 2*r**2 + r - 2. Determine j(2).
-32
Let p(k) = 14*k + 12. Determine p(-1).
-2
Let j(q) = -2*q**2 - 77*q + 31. What is j(-39)?
-8
Let j(q) = q**2 + 3*q + 111. Calculate j(0).
111
Let w(q) = q**2 - 25*q + 36. What is w(22)?
-30
Let g(a) = -a**3 + 8*a**2 - 6*a + 1. Calculate g(7).
8
Let y(f) = f - 9. Determine y(8).
-1
Let w(h) = 5*h - 116. What is w(19)?
-21
Let h(l) = -l**3 + 15*l**2 + 9. What is h(15)?
9
Let f(s) = s**2 - 14*s + 34. Give f(14).
34
Let z(w) = -w**3 + 4*w**2 - 2. Calculate z(2).
6
Let f(z) = 8*z - 60. Calculate f(7).
-4
Let u(g) = g**2 - 9*g + 1. What is u(8)?
-7
Let w(n) = n**2 + 12*n + 10. What is w(-11)?
-1
Let l(h) = -7*h - 15. Determine l(-1).
-8
Let q(l) = -3*l + 16. Determine q(9).
-11
Let t(h) = 12*h + 63. What is t(-5)?
3
Let u(z) = -z**3 - 9*z**2 - 2*z + 1. Determine u(-9).
19
Let c(z) = z**3 + 9*z**2 + 14*z + 16. What is c(-8)?
-32
Let m(u) = 2*u**2 + 24*u - 32. Give m(-11).
-54
Let f(n) = -n**3 - 9*n**2 + 23*n + 11. Determine f(-11).
0
Let v(i) = -i**3 - 10*i**2 - 7*i + 18. Give v(-9).
0
Let m(v) = 5*v - 33. Calculate m(5).
-8
Let m(y) = 2*y**2 - y + 1. Give m(3).
16
Let a(i) = 2*i**3 + 8*i**2 - 2. Calculate a(-4).
-2
Let a(u) = u**3 - 12*u**2 - 13*u - 1. What is a(13)?
-1
Let r(w) = 13*w - 66. What is r(11)?
77
Let k(q) = q**3 + 17*q**2 + 2*q - 19. Determine k(-17).
-53
Let v(q) = 3*q**2 + 22*q + 22. Determine v(-9).
67
Let h(x) = x**2 + 12*x + 23. What is h(-8)?
-9
Let f(o) = -o - 13. Give f(0).
-13
Let t(a) = -11*a + 11. What is t(6)?
-55
Let g(t) = -2*t**3 + t**2 + 16*t - 7. Give g(5).
-152
Let w(r) = -r**3 - 5. Give w(0).
-5
Let u(p) = 13*p - 45. Determine u(4).
7
Let w(n) = -n**3 + 6*n**2 + 2*n - 14. Give w(5).
21
Let a(t) = -t**2 + 5*t + 14. Determine a(7).
0
Let f(k) = -k**2 + 23*k - 9. What is f(23)?
-9
Let b(h) = -46*h**2 + 2*h + 2. Give b(-1).
-46
Let z(m) = m + 22. Determine z(-14).
8
Let z(j) = 3*j + 19. What is z(-9)?
-8
Let c(d) = 8*d**2 - 1. What is c(-1)?
7
Let z(s) = s**3 + 6*s**2 - 2*s - 1. Determine z(0).
-1
Let a(y) = -26*y - 275. Determine a(-11).
11
Let v(c) = 7*c + 2. Determine v(8).
58
Let u(m) = 36*m + 329. Give u(-9).
5
Let u(r) = r**3 + 4*r**2 - 6*r + 6. Calculate u(-5).
11
Let j(r) = -r**2 + 15*r - 58. What is j(7)?
-2
Let l(m) = m - 10. Determine l(7).
-3
Let t(c) = -c**3 - 8*c**2 + 19*c - 13. Determine t(-10).
-3
Let a(f) = -f**2 + f. Give a(1).
0
Let l(b) = -45*b + 11. Give l(-3).
146
Let b(q) = 5*q**2 + 7*q + 4. Determine b(-2).
10
Let r(b) = -b**3 - 15*b**2 + 21*b + 88. Calculate r(-16).
8
Let w(h) = -6*h + 6. What is w(0)?
6
Let w(u) = u + 2. Calculate w(-5).
-3
Let o(u) = 10*u - 10. Calculate o(0).
-10
Let i(b) = -3*b + 17. Give i(8).
-7
Let x(m) = m**2 + 15*m + 5. Determine x(-14).
-9
Let s(f) = f**2 + 19*f - 42. What is s(-21)?
0
Let s(q) = 25*q - 5. Determine s(3).
70
Let u(q) = q**3 - 10*q**2 - 10*q + 9. Determine u(11).
20
Let n(d) = d**2 - 2*d. Calculate n(2).
0
Let d(x) = x**3 - 8*x**2 - 49*x + 17. Determine d(12).
5
Let r(t) = t**2 - 7*t - 2. What is r(0)?
-2
Let o(u) = 19*u**3 - u**2 - 3*u - 3. Calculate o(-1).
-20
Let t(o) = o**3 + 3*o**2 - 5*o - 2. Determine t(-4).
2
Let b(u) = 5*u + 38. Calculate b(-31).
-117
Let z(m) = m**2 - 9*m + 2. Give z(8).
-6
Let i(p) = -p**2 - 12*p + 11. What is i(-11)?
22
Let u(g) = -g**3 + 2*g**2 - 2*g - 8. What is u(0)?
-8
Let x(z) = 3*z**2 + 5*z - 54. Calculate x(-8).
98
Let q(n) = n**3 - 34*n**2 + 31*n + 76. Calculate q(33).
10
Let v(f) = f**3 + 2*f**2 - 12*f - 10. What is v(-5)?
-25
Let t(k) = -27*k - 1. Give t(-1).
26
Let g(w) = -w**2 - 9*w + 22. What is g(3)?
-14
Let i(k) = -20*k**3 + 3*k**2 + 5*k + 3. Calculate i(-1).
21
Let s(m) = -18*m - 556. Calculate s(-30).
-16
Let q(a) = a**3 + 2*a**2 + 2*a - 5. Give q(-2).
-9
Let o(h) = -2*h**2 + 5*h - 2. Calculate o(2).
0
Let q(b) = -b - 4. Give q(7).
-11
Let b(j) = -j**3 + j**2 - 14. Determine b(0).
-14
Let a(y) = y**3 - 8*y**2 + 3*y - 6. Calculate a(8).
18
Let o(c) = c**2 + 10*c - 6. Give o(-10).
-6
Let t(n) = n**2 + 3*n - 2. Give t(-2).
-4
Let k(u) = u**3 - 5*u**2 - 3*u - 2. Give k(4).
-30
Let c(z) = -z**2 + 20*z - 21. Give c(19).
-2
Let b(x) = -x**3 - 4*x**2 - 9. What is b(-5)?
16
Let w(h) = h + 5. What is w(5)?
10
Let l(a) = 16*a - 42. Calculate l(11).
134
Let g(m) = 14*m**2 + 9*m - 3. Give g(3).
150
Let u(t) = 18*t + 29. What is u(-1)?
11
Let a(t) = -16*t - 37. What is a(-5)?
43
Let h(x) = -x**3 + 10*x**2 + 11*x + 5. What is h(11)?
5
Let l(a) = 6*a - 2. What is l(5)?
28
Let i(f) = -33*f**2 - 2*f - 1. What is i(-1)?
-32
Let v(o) = -o**2 + 7*o - 19. Determine v(8).
-27
Let d(t) = -t**3 - 11*t**2 + 11*t + 10. Determine d(-12).
22
Let y(l) = 2*l**3 + 4*l**2 + 3*l - 12. Calculate y(-4).
-88
Let n(q) = q**3 + q**2 - 3*q - 1. Determine n(-2).
1
Let k(y) = -y**3 + 18*y**2 - 15*y - 28. Determine k(17).
6
Let k(r) = -r**2 + r - 10. Determine k(0).
-10
Let p(w) = 4*w - 6. Calculate p(6).
18
Let z(h) = 4*h + 15. What is z(-6)?
-9
Let r(a) = a**3 - 19*a**2 - 20*a - 10. Calculate r(20).
-10
Let j(h) = 4*h + 95. Give j(-22).
7
Let i(d) = 20*d - 479. Determine i(25).
21
Let r(x) = -x - 2. Calculate r(-7).
5
Let c(u) = 36*u + 322. Calculate c(-9).
-2
Let m(h) = -23*h + 3. Calculate m(1).
-20
Let q(m) = 8*m - 10. Determine q(-7).
-66
Let p(x) = -x**3 - 3*x**2 + 10*x - 1. Calculate p(2).
-1
Let z(r) = -r**3 + 4*r**2 - r. Give z(6).
-78
Let t(k) = k**3 + 8*k**2 + 8*k + 1. Determine t(-7).
-6
Let z(b) = -59*b - 180. Determine z(-3).
-3
Let z(x) = 3*x - 85. Give z(25).
-10
Let z(j) = j**3 + 6*j**2 + j - 6. Give z(-6).
-12
Let p(d) = d**3 + d**2 + d - 12. What is p(0)?
